{"id":232,"date":"2022-10-04T12:30:31","date_gmt":"2022-10-04T10:30:31","guid":{"rendered":"https:\/\/sites.ac-corse.fr\/lcc\/?page_id=232"},"modified":"2023-10-19T09:11:41","modified_gmt":"2023-10-19T07:11:41","slug":"oressources-institutionnelles","status":"publish","type":"page","link":"https:\/\/sites.ac-corse.fr\/lcc\/oressources-institutionnelles\/","title":{"rendered":"Ressources institutionnelles \/Risorze istituziunale"},"content":{"rendered":"\n\n\n<h2 class=\"wp-block-heading has-colibri-color-4-color has-text-color\">Prugrammazione<\/h2>\n\n\n\n<h2 class=\"wp-block-heading\"><\/h2>\n\n\n\n<p><\/p>\n\n\n\n<p><a href=\"https:\/\/www.education.gouv.fr\/bo\/BoAnnexes\/2007\/hs9\/hs9_annexe5.pdf\">Annexe 5 BO n\u00b09 du 27 septembre 2007<\/a><\/p>\n\n\n\n<h2 class=\"wp-block-heading\"><mark style=\"background-color:rgba(0, 0, 0, 0)\" class=\"has-inline-color has-colibri-color-4-color\">Siti cullaburativi\u00a0<\/mark><\/h2>\n\n\n\n<p><a href=\"https:\/\/ecolia.corsica\/\">https:\/\/ecolia.corsica\/<\/a>&nbsp;<\/p>\n\n\n\n<p><a href=\"http:\/\/www.scolaviva.com\/\">http:\/\/www.scolaviva.com\/<\/a><\/p>\n\n\n\n<p><a href=\"https:\/\/padlet.com\/pascale_antonetti\/n0uyosreo8u83wgd\">https:\/\/padlet.com\/pascale_antonetti\/n0uyosreo8u83wgd<\/a><\/p>\n\n\n\n<p><\/p>\n\n\n\n<h2 class=\"wp-block-heading\"><mark style=\"background-color:rgba(0, 0, 0, 0)\" class=\"has-inline-color has-colibri-color-4-color\">Siti di risorze\u00a0telecaricabile<\/mark><\/h2>\n\n\n\n<p><a href=\"http:\/\/www.educorsica.fr\/\">http:\/\/www.educorsica.fr\/<\/a><\/p>\n\n\n\n<p><a href=\"https:\/\/lesfondamentaux.reseau-canope.fr\/\">https:\/\/lesfondamentaux.reseau-canope.fr\/<\/a><\/p>\n\n\n\n<p><a href=\"https:\/\/www.studialingua.fr\/\">https:\/\/www.studialingua.fr\/<\/a><\/p>\n\n\n\n<p><a href=\"http:\/\/www.interromania.com\/\">http:\/\/www.interromania.com\/<\/a><\/p>\n\n\n\n<figure class=\"wp-block-embed is-type-wp-embed is-provider-tempi-attualita-e-infurmazioni-in-corsica-e-in-altro wp-block-embed-tempi-attualita-e-infurmazioni-in-corsica-e-in-altro\"><div class=\"wp-block-embed__wrapper\">\n<blockquote class=\"wp-embedded-content\" data-secret=\"QfURsqgleK\"><a href=\"https:\/\/tempicorsica.com\/par-ampara-u-corsu\/\">Par ampar\u00e0 u Corsu<\/a><\/blockquote><iframe loading=\"lazy\" class=\"wp-embedded-content\" sandbox=\"allow-scripts\" security=\"restricted\" style=\"position: absolute; clip: rect(1px, 1px, 1px, 1px);\" title=\"&#8220;Par ampar\u00e0 u Corsu&#8221; &#8212; Tempi - Attualit\u00e0 \u00e8 infurmazioni in Corsica \u00e8 in altr\u00f2\" src=\"https:\/\/tempicorsica.com\/par-ampara-u-corsu\/embed\/#?secret=6QnREmxeb5#?secret=QfURsqgleK\" data-secret=\"QfURsqgleK\" width=\"500\" height=\"282\" frameborder=\"0\" marginwidth=\"0\" marginheight=\"0\" scrolling=\"no\"><\/iframe>\n<\/div><\/figure>\n\n\n\n<p><a href=\"https:\/\/www.isula.corsica\/jeunesse\/Ampara-u-corsu_a103.html\">https:\/\/www.isula.corsica\/jeunesse\/Ampara-u-corsu_a103.html<\/a><\/p>\n\n\n\n<p><a href=\"http:\/\/adecec.net\/html\/download.html\">http:\/\/adecec.net\/html\/download.html<\/a><\/p>\n\n\n\n<p><a href=\"https:\/\/www.audio-lingua.eu\/?lang=co\">https:\/\/www.audio-lingua.eu\/?lang=co<\/a><\/p>\n\n\n\n<p><a href=\"http:\/\/www.bancadialinguaviva.org\">http:\/\/www.bancadialinguaviva.org<\/a><\/p>\n\n\n\n<p><a href=\"https:\/\/vimeo.com\/user84661758\">https:\/\/vimeo.com\/user84661758<\/a><\/p>\n\n\n\n<p><a href=\"http:\/\/cartina.free.fr\">http:\/\/cartina.free.fr<\/a><\/p>\n\n\n\n<h2 class=\"wp-block-heading\"><mark style=\"background-color:rgba(0, 0, 0, 0)\" class=\"has-inline-color has-colibri-color-4-color\">Siti di risorze\u00a0didattiche per l&rsquo;insignamentu bislinguu<\/mark><\/h2>\n\n\n\n<p><a href=\"http:\/\/www.adeb-asso.org\/ressources\/abcdaire-des-gestes-professionnels\/\">http:\/\/www.adeb-asso.org\/ressources\/abcdaire-des-gestes-professionnels\/<\/a><\/p>\n\n\n\n<p><\/p>\n","protected":false},"excerpt":{"rendered":"<p>Prugrammazione Annexe 5 BO n\u00b09 du 27 septembre 2007 Siti cullaburativi\u00a0 https:\/\/ecolia.corsica\/&nbsp; http:\/\/www.scolaviva.com\/ https:\/\/padlet.com\/pascale_antonetti\/n0uyosreo8u83wgd Siti di risorze\u00a0telecaricabile http:\/\/www.educorsica.fr\/ https:\/\/lesfondamentaux.reseau-canope.fr\/ https:\/\/www.studialingua.fr\/ http:\/\/www.interromania.com\/ https:\/\/www.isula.corsica\/jeunesse\/Ampara-u-corsu_a103.html http:\/\/adecec.net\/html\/download.html https:\/\/www.audio-lingua.eu\/?lang=co http:\/\/www.bancadialinguaviva.org https:\/\/vimeo.com\/user84661758 http:\/\/cartina.free.fr Siti di risorze\u00a0didattiche per l&rsquo;insignamentu bislinguu http:\/\/www.adeb-asso.org\/ressources\/abcdaire-des-gestes-professionnels\/<\/p>\n","protected":false},"author":62,"featured_media":0,"parent":0,"menu_order":0,"comment_status":"closed","ping_status":"closed","template":"","meta":{"footnotes":""},"class_list":["post-232","page","type-page","status-publish","hentry"],"_links":{"self":[{"href":"https:\/\/sites.ac-corse.fr\/lcc\/wp-json\/wp\/v2\/pages\/232","targetHints":{"allow":["GET"]}}],"collection":[{"href":"https:\/\/sites.ac-corse.fr\/lcc\/wp-json\/wp\/v2\/pages"}],"about":[{"href":"https:\/\/sites.ac-corse.fr\/lcc\/wp-json\/wp\/v2\/types\/page"}],"author":[{"embeddable":true,"href":"https:\/\/sites.ac-corse.fr\/lcc\/wp-json\/wp\/v2\/users\/62"}],"replies":[{"embeddable":true,"href":"https:\/\/sites.ac-corse.fr\/lcc\/wp-json\/wp\/v2\/comments?post=232"}],"version-history":[{"count":12,"href":"https:\/\/sites.ac-corse.fr\/lcc\/wp-json\/wp\/v2\/pages\/232\/revisions"}],"predecessor-version":[{"id":532,"href":"https:\/\/sites.ac-corse.fr\/lcc\/wp-json\/wp\/v2\/pages\/232\/revisions\/532"}],"wp:attachment":[{"href":"https:\/\/sites.ac-corse.fr\/lcc\/wp-json\/wp\/v2\/media?parent=232"}],"curies":[{"name":"wp","href":"https:\/\/api.w.org\/{rel}","templated":true}]}}