{"id":2943,"date":"2022-12-12T20:25:50","date_gmt":"2022-12-12T19:25:50","guid":{"rendered":"https:\/\/sites.ac-corse.fr\/maths\/?page_id=2943"},"modified":"2024-12-19T13:57:45","modified_gmt":"2024-12-19T12:57:45","slug":"cfg","status":"publish","type":"page","link":"https:\/\/sites.ac-corse.fr\/maths\/cfg\/","title":{"rendered":"Sujets CFG"},"content":{"rendered":"<div data-colibri-id=\"2943-c1\" class=\"style-708 style-local-2943-c1 position-relative\">\n  <!---->\n  <div data-colibri-component=\"section\" data-colibri-id=\"2943-c2\" id=\"custom-3\" class=\"h-section h-section-global-spacing d-flex align-items-lg-center align-items-md-center align-items-center style-756 style-local-2943-c2 position-relative\">\n    <!---->\n    <!---->\n    <div class=\"h-section-grid-container h-section-boxed-container\">\n      <!---->\n      <div data-colibri-id=\"2943-c3\" class=\"h-row-container gutters-row-lg-2 gutters-row-md-2 gutters-row-0 gutters-row-v-lg-2 gutters-row-v-md-2 gutters-row-v-2 style-757 style-local-2943-c3 position-relative\">\n        <!---->\n        <div class=\"h-row justify-content-lg-center justify-content-md-center justify-content-center align-items-lg-stretch align-items-md-stretch align-items-stretch gutters-col-lg-2 gutters-col-md-2 gutters-col-0 gutters-col-v-lg-2 gutters-col-v-md-2 gutters-col-v-2\">\n          <!---->\n          <div class=\"h-column h-column-container d-flex h-col-lg-auto h-col-md-auto h-col-auto style-2604-outer style-local-2943-c4-outer\">\n            <div data-colibri-id=\"2943-c4\" class=\"d-flex h-flex-basis h-column__inner h-px-lg-2 h-px-md-2 h-px-2 v-inner-lg-2 v-inner-md-2 v-inner-2 style-2604 style-local-2943-c4 position-relative\">\n              <!---->\n              <!---->\n              <div class=\"w-100 h-y-container h-column__content h-column__v-align flex-basis-100 align-self-lg-start align-self-md-start align-self-start\">\n                <!---->\n                <div data-colibri-id=\"2943-c5\" class=\"h-global-transition-all h-heading style-2605 style-local-2943-c5 position-relative h-element\">\n                  <!---->\n                  <div class=\"h-heading__outer style-2605 style-local-2943-c5\">\n                    <!---->\n                    <!---->\n                    <h1 class=\"\">D\u00e9cembre\n                      <br>2024<\/h1>\n                  <\/div>\n                <\/div>\n                <div data-colibri-id=\"2943-c6\" class=\"h-icon style-2607 style-local-2943-c6 position-relative h-element\">\n                  <!---->\n                  <a href=\"https:\/\/sites.ac-corse.fr\/maths\/wp-content\/uploads\/sites\/18\/2024\/12\/2412CFGMAT-1.pdf\" h-use-smooth-scroll=\"true\"><span class=\"h-svg-icon h-icon__icon style-2607-icon style-local-2943-c6-icon\"><!--Icon by Font Awesome (https:\/\/fontawesome.com)-->\n    <svg version=\"1.1\" xmlns=\"http:\/\/www.w3.org\/2000\/svg\" xmlns:xlink=\"http:\/\/www.w3.org\/1999\/xlink\" id=\"arrow-circle-o-down\" viewBox=\"0 0 1536 1896.0833\">\n      <path d=\"M1120 928q0 12-10 24l-319 319q-11 9-23 9t-23-9L425 951q-15-16-7-35 8-20 30-20h192V544q0-14 9-23t23-9h192q14 0 23 9t9 23v352h192q14 0 23 9t9 23zM768 352q-148 0-273 73T297 623t-73 273 73 273 198 198 273 73 273-73 198-198 73-273-73-273-198-198-273-73zm768 544q0 209-103 385.5T1153.5 1561 768 1664t-385.5-103T103 1281.5 0 896t103-385.5T382.5 231 768 128t385.5 103T1433 510.5 1536 896z\"><\/path>\n    <\/svg><\/span><\/a>\n                <\/div>\n              <\/div>\n            <\/div>\n          <\/div>\n          <div class=\"h-column h-column-container d-flex h-col-lg-auto h-col-md-auto h-col-auto style-2612-outer style-local-2943-c7-outer\">\n            <div data-colibri-id=\"2943-c7\" class=\"d-flex h-flex-basis h-column__inner h-px-lg-2 h-px-md-2 h-px-2 v-inner-lg-2 v-inner-md-2 v-inner-2 style-2612 style-local-2943-c7 position-relative\">\n              <!---->\n              <!---->\n              <div class=\"w-100 h-y-container h-column__content h-column__v-align flex-basis-100 align-self-lg-start align-self-md-start align-self-start\">\n                <!---->\n                <div data-colibri-id=\"2943-c8\" class=\"h-global-transition-all h-heading style-2616 style-local-2943-c8 position-relative h-element\">\n                  <!---->\n                  <div class=\"h-heading__outer style-2616 style-local-2943-c8\">\n                    <!---->\n                    <!---->\n                    <h1 class=\"\">D\u00e9cembre 2024 Bis<\/h1>\n                  <\/div>\n                <\/div>\n                <div data-colibri-id=\"2943-c9\" class=\"h-icon style-2618 style-local-2943-c9 position-relative h-element\">\n                  <!---->\n                  <a href=\"https:\/\/sites.ac-corse.fr\/maths\/wp-content\/uploads\/sites\/18\/2024\/12\/CFG_decembre_2024_sujet_secours.pdf\" h-use-smooth-scroll=\"true\"><span class=\"h-svg-icon h-icon__icon style-2618-icon style-local-2943-c9-icon\"><!--Icon by Font Awesome (https:\/\/fontawesome.com)-->\n    <svg version=\"1.1\" xmlns=\"http:\/\/www.w3.org\/2000\/svg\" xmlns:xlink=\"http:\/\/www.w3.org\/1999\/xlink\" id=\"arrow-circle-o-down\" viewBox=\"0 0 1536 1896.0833\">\n      <path d=\"M1120 928q0 12-10 24l-319 319q-11 9-23 9t-23-9L425 951q-15-16-7-35 8-20 30-20h192V544q0-14 9-23t23-9h192q14 0 23 9t9 23v352h192q14 0 23 9t9 23zM768 352q-148 0-273 73T297 623t-73 273 73 273 198 198 273 73 273-73 198-198 73-273-73-273-198-198-273-73zm768 544q0 209-103 385.5T1153.5 1561 768 1664t-385.5-103T103 1281.5 0 896t103-385.5T382.5 231 768 128t385.5 103T1433 510.5 1536 896z\"><\/path>\n    <\/svg><\/span><\/a>\n                <\/div>\n              <\/div>\n            <\/div>\n          <\/div>\n          <div class=\"h-column h-column-container d-flex h-col-lg-auto h-col-md-auto h-col-auto style-2160-outer style-local-2943-c10-outer\">\n            <div data-colibri-id=\"2943-c10\" class=\"d-flex h-flex-basis h-column__inner h-px-lg-2 h-px-md-2 h-px-2 v-inner-lg-2 v-inner-md-2 v-inner-2 style-2160 style-local-2943-c10 position-relative\">\n              <!---->\n              <!---->\n              <div class=\"w-100 h-y-container h-column__content h-column__v-align flex-basis-100 align-self-lg-start align-self-md-start align-self-start\">\n                <!---->\n                <div data-colibri-id=\"2943-c11\" class=\"h-global-transition-all h-heading style-2161 style-local-2943-c11 position-relative h-element\">\n                  <!---->\n                  <div class=\"h-heading__outer style-2161 style-local-2943-c11\">\n                    <!---->\n                    <!---->\n                    <h4 class=\"\">D\u00e9cembre\n                      <br>2023<\/h4>\n                  <\/div>\n                <\/div>\n                <div data-colibri-id=\"2943-c12\" class=\"h-icon style-2170 style-local-2943-c12 position-relative h-element\">\n                  <!---->\n                  <a href=\"https:\/\/sites.ac-corse.fr\/maths\/wp-content\/uploads\/sites\/18\/2024\/01\/Sujet-principal-decembre-2023.pdf\" h-use-smooth-scroll=\"true\"><span class=\"h-svg-icon h-icon__icon style-2170-icon style-local-2943-c12-icon\"><!--Icon by Font Awesome (https:\/\/fontawesome.com)-->\n    <svg version=\"1.1\" xmlns=\"http:\/\/www.w3.org\/2000\/svg\" xmlns:xlink=\"http:\/\/www.w3.org\/1999\/xlink\" id=\"arrow-circle-o-down\" viewBox=\"0 0 1536 1896.0833\">\n      <path d=\"M1120 928q0 12-10 24l-319 319q-11 9-23 9t-23-9L425 951q-15-16-7-35 8-20 30-20h192V544q0-14 9-23t23-9h192q14 0 23 9t9 23v352h192q14 0 23 9t9 23zM768 352q-148 0-273 73T297 623t-73 273 73 273 198 198 273 73 273-73 198-198 73-273-73-273-198-198-273-73zm768 544q0 209-103 385.5T1153.5 1561 768 1664t-385.5-103T103 1281.5 0 896t103-385.5T382.5 231 768 128t385.5 103T1433 510.5 1536 896z\"><\/path>\n    <\/svg><\/span><\/a>\n                <\/div>\n              <\/div>\n            <\/div>\n          <\/div>\n          <div class=\"h-column h-column-container d-flex h-col-lg-auto h-col-md-auto h-col-auto style-1675-outer style-local-2943-c13-outer\">\n            <div data-colibri-id=\"2943-c13\" class=\"d-flex h-flex-basis h-column__inner h-px-lg-2 h-px-md-2 h-px-2 v-inner-lg-2 v-inner-md-2 v-inner-2 style-1675 style-local-2943-c13 position-relative\">\n              <!---->\n              <!---->\n              <div class=\"w-100 h-y-container h-column__content h-column__v-align flex-basis-100 align-self-lg-start align-self-md-start align-self-start\">\n                <!---->\n                <div data-colibri-id=\"2943-c14\" class=\"h-global-transition-all h-heading style-1676 style-local-2943-c14 position-relative h-element\">\n                  <!---->\n                  <div class=\"h-heading__outer style-1676 style-local-2943-c14\">\n                    <!---->\n                    <!---->\n                    <h4 class=\"\">Juin\n                      <br>2023<\/h4>\n                  <\/div>\n                <\/div>\n                <div data-colibri-id=\"2943-c15\" class=\"h-icon style-1679 style-local-2943-c15 position-relative h-element\">\n                  <!---->\n                  <a href=\"https:\/\/sites.ac-corse.fr\/maths\/wp-content\/uploads\/sites\/18\/2023\/06\/CFG-Juin-2023.pdf\" h-use-smooth-scroll=\"true\"><span class=\"h-svg-icon h-icon__icon style-1679-icon style-local-2943-c15-icon\"><!--Icon by Font Awesome (https:\/\/fontawesome.com)-->\n    <svg version=\"1.1\" xmlns=\"http:\/\/www.w3.org\/2000\/svg\" xmlns:xlink=\"http:\/\/www.w3.org\/1999\/xlink\" id=\"arrow-circle-o-down\" viewBox=\"0 0 1536 1896.0833\">\n      <path d=\"M1120 928q0 12-10 24l-319 319q-11 9-23 9t-23-9L425 951q-15-16-7-35 8-20 30-20h192V544q0-14 9-23t23-9h192q14 0 23 9t9 23v352h192q14 0 23 9t9 23zM768 352q-148 0-273 73T297 623t-73 273 73 273 198 198 273 73 273-73 198-198 73-273-73-273-198-198-273-73zm768 544q0 209-103 385.5T1153.5 1561 768 1664t-385.5-103T103 1281.5 0 896t103-385.5T382.5 231 768 128t385.5 103T1433 510.5 1536 896z\"><\/path>\n    <\/svg><\/span><\/a>\n                <\/div>\n              <\/div>\n            <\/div>\n          <\/div>\n          <div class=\"h-column h-column-container d-flex h-col-lg-auto h-col-md-auto h-col-auto style-758-outer style-local-2943-c16-outer\">\n            <div data-colibri-id=\"2943-c16\" class=\"d-flex h-flex-basis h-column__inner h-px-lg-2 h-px-md-2 h-px-2 v-inner-lg-2 v-inner-md-2 v-inner-2 style-758 style-local-2943-c16 position-relative\">\n              <!---->\n              <!---->\n              <div class=\"w-100 h-y-container h-column__content h-column__v-align flex-basis-100 align-self-lg-start align-self-md-start align-self-start\">\n                <!---->\n                <div data-colibri-id=\"2943-c17\" class=\"h-global-transition-all h-heading style-762 style-local-2943-c17 position-relative h-element\">\n                  <!---->\n                  <div class=\"h-heading__outer style-762 style-local-2943-c17\">\n                    <!---->\n                    <!---->\n                    <h4 class=\"\">D\u00e9cembre\n                      <br> 2022<\/h4>\n                  <\/div>\n                <\/div>\n                <div data-colibri-id=\"2943-c18\" class=\"h-icon style-765 style-local-2943-c18 position-relative h-element\">\n                  <!---->\n                  <a href=\"https:\/\/sites.ac-corse.fr\/maths\/wp-content\/uploads\/sites\/18\/2022\/12\/CFG-decembre-2022-Mathematiques-sujet-principal.pdf\" h-use-smooth-scroll=\"true\"><span class=\"h-svg-icon h-icon__icon style-765-icon style-local-2943-c18-icon\"><!--Icon by Font Awesome (https:\/\/fontawesome.com)-->\n    <svg version=\"1.1\" xmlns=\"http:\/\/www.w3.org\/2000\/svg\" xmlns:xlink=\"http:\/\/www.w3.org\/1999\/xlink\" id=\"arrow-circle-o-down\" viewBox=\"0 0 1536 1896.0833\">\n      <path d=\"M1120 928q0 12-10 24l-319 319q-11 9-23 9t-23-9L425 951q-15-16-7-35 8-20 30-20h192V544q0-14 9-23t23-9h192q14 0 23 9t9 23v352h192q14 0 23 9t9 23zM768 352q-148 0-273 73T297 623t-73 273 73 273 198 198 273 73 273-73 198-198 73-273-73-273-198-198-273-73zm768 544q0 209-103 385.5T1153.5 1561 768 1664t-385.5-103T103 1281.5 0 896t103-385.5T382.5 231 768 128t385.5 103T1433 510.5 1536 896z\"><\/path>\n    <\/svg><\/span><\/a>\n                <\/div>\n              <\/div>\n            <\/div>\n          <\/div>\n          <div class=\"h-column h-column-container d-flex h-col-lg-auto h-col-md-auto h-col-auto style-763-outer style-local-2943-c19-outer\">\n            <div data-colibri-id=\"2943-c19\" class=\"d-flex h-flex-basis h-column__inner h-px-lg-2 h-px-md-2 h-px-2 v-inner-lg-2 v-inner-md-2 v-inner-2 style-763 style-local-2943-c19 position-relative\">\n              <!---->\n              <!---->\n              <div class=\"w-100 h-y-container h-column__content h-column__v-align flex-basis-100 align-self-lg-start align-self-md-start align-self-start\">\n                <!---->\n                <div data-colibri-id=\"2943-c20\" class=\"h-global-transition-all h-heading style-769 style-local-2943-c20 position-relative h-element\">\n                  <!---->\n                  <div class=\"h-heading__outer style-769 style-local-2943-c20\">\n                    <!---->\n                    <!---->\n                    <h4 class=\"\">D\u00e9cembre\n                      <br>2021<\/h4>\n                  <\/div>\n                <\/div>\n                <div data-colibri-id=\"2943-c21\" class=\"h-icon style-771 style-local-2943-c21 position-relative h-element\">\n                  <!---->\n                  <a href=\"https:\/\/sites.ac-corse.fr\/maths\/wp-content\/uploads\/sites\/18\/2022\/10\/CFG-session-decembre-2021.pdf\" h-use-smooth-scroll=\"true\"><span class=\"h-svg-icon h-icon__icon style-771-icon style-local-2943-c21-icon\"><!--Icon by Font Awesome (https:\/\/fontawesome.com)-->\n    <svg version=\"1.1\" xmlns=\"http:\/\/www.w3.org\/2000\/svg\" xmlns:xlink=\"http:\/\/www.w3.org\/1999\/xlink\" id=\"arrow-circle-o-down\" viewBox=\"0 0 1536 1896.0833\">\n      <path d=\"M1120 928q0 12-10 24l-319 319q-11 9-23 9t-23-9L425 951q-15-16-7-35 8-20 30-20h192V544q0-14 9-23t23-9h192q14 0 23 9t9 23v352h192q14 0 23 9t9 23zM768 352q-148 0-273 73T297 623t-73 273 73 273 198 198 273 73 273-73 198-198 73-273-73-273-198-198-273-73zm768 544q0 209-103 385.5T1153.5 1561 768 1664t-385.5-103T103 1281.5 0 896t103-385.5T382.5 231 768 128t385.5 103T1433 510.5 1536 896z\"><\/path>\n    <\/svg><\/span><\/a>\n                <\/div>\n              <\/div>\n            <\/div>\n          <\/div>\n          <div class=\"h-column h-column-container d-flex h-col-lg-auto h-col-md-auto h-col-auto style-760-outer style-local-2943-c22-outer\">\n            <div data-colibri-id=\"2943-c22\" class=\"d-flex h-flex-basis h-column__inner h-px-lg-2 h-px-md-2 h-px-2 v-inner-lg-2 v-inner-md-2 v-inner-2 style-760 style-local-2943-c22 position-relative\">\n              <!---->\n              <!---->\n              <div class=\"w-100 h-y-container h-column__content h-column__v-align flex-basis-100 align-self-lg-start align-self-md-start align-self-start\">\n                <!---->\n                <div data-colibri-id=\"2943-c23\" class=\"h-global-transition-all h-heading style-768 style-local-2943-c23 position-relative h-element\">\n                  <!---->\n                  <div class=\"h-heading__outer style-768 style-local-2943-c23\">\n                    <!---->\n                    <!---->\n                    <h4 class=\"\">Mai\n                      <br>2020<\/h4>\n                  <\/div>\n                <\/div>\n                <div data-colibri-id=\"2943-c24\" class=\"h-icon style-767 style-local-2943-c24 position-relative h-element\">\n                  <!---->\n                  <a href=\"https:\/\/sites.ac-corse.fr\/maths\/wp-content\/uploads\/sites\/18\/2021\/10\/cfg_session_mai_2020.pdf\" h-use-smooth-scroll=\"true\"><span class=\"h-svg-icon h-icon__icon style-767-icon style-local-2943-c24-icon\"><!--Icon by Font Awesome (https:\/\/fontawesome.com)-->\n    <svg version=\"1.1\" xmlns=\"http:\/\/www.w3.org\/2000\/svg\" xmlns:xlink=\"http:\/\/www.w3.org\/1999\/xlink\" id=\"arrow-circle-o-down\" viewBox=\"0 0 1536 1896.0833\">\n      <path d=\"M1120 928q0 12-10 24l-319 319q-11 9-23 9t-23-9L425 951q-15-16-7-35 8-20 30-20h192V544q0-14 9-23t23-9h192q14 0 23 9t9 23v352h192q14 0 23 9t9 23zM768 352q-148 0-273 73T297 623t-73 273 73 273 198 198 273 73 273-73 198-198 73-273-73-273-198-198-273-73zm768 544q0 209-103 385.5T1153.5 1561 768 1664t-385.5-103T103 1281.5 0 896t103-385.5T382.5 231 768 128t385.5 103T1433 510.5 1536 896z\"><\/path>\n    <\/svg><\/span><\/a>\n                <\/div>\n              <\/div>\n            <\/div>\n          <\/div>\n        <\/div>\n      <\/div>\n      <div data-colibri-id=\"2943-c25\" class=\"h-row-container gutters-row-lg-2 gutters-row-md-2 gutters-row-0 gutters-row-v-lg-2 gutters-row-v-md-2 gutters-row-v-2 style-2619 style-local-2943-c25 position-relative\">\n        <!---->\n        <div class=\"h-row justify-content-lg-center justify-content-md-center justify-content-center align-items-lg-stretch align-items-md-stretch align-items-stretch gutters-col-lg-2 gutters-col-md-2 gutters-col-0 gutters-col-v-lg-2 gutters-col-v-md-2 gutters-col-v-2\">\n          <!---->\n          <div class=\"h-column h-column-container d-flex h-col-lg-auto h-col-md-auto h-col-auto style-2620-outer style-local-2943-c26-outer\">\n            <div data-colibri-id=\"2943-c26\" class=\"d-flex h-flex-basis h-column__inner h-ui-empty-state-container h-px-lg-2 h-px-md-2 h-px-2 v-inner-lg-2 v-inner-md-2 v-inner-2 style-2620 style-local-2943-c26 position-relative\">\n              <!---->\n              <!---->\n              <div class=\"w-100 h-y-container h-column__content h-column__v-align flex-basis-100\">\n                <!---->\n              <\/div>\n            <\/div>\n          <\/div>\n        <\/div>\n      <\/div>\n    <\/div>\n  <\/div>\n<\/div>","protected":false},"excerpt":{"rendered":"<p>D\u00e9cembre 2024 D\u00e9cembre 2024 Bis D\u00e9cembre 2023 Juin 2023 D\u00e9cembre 2022 D\u00e9cembre 2021 Mai 2020<\/p>\n","protected":false},"author":52,"featured_media":0,"parent":0,"menu_order":0,"comment_status":"closed","ping_status":"closed","template":"page-templates\/full-width-page.php","meta":{"footnotes":""},"class_list":["post-2943","page","type-page","status-publish","hentry"],"_links":{"self":[{"href":"https:\/\/sites.ac-corse.fr\/maths\/wp-json\/wp\/v2\/pages\/2943","targetHints":{"allow":["GET"]}}],"collection":[{"href":"https:\/\/sites.ac-corse.fr\/maths\/wp-json\/wp\/v2\/pages"}],"about":[{"href":"https:\/\/sites.ac-corse.fr\/maths\/wp-json\/wp\/v2\/types\/page"}],"author":[{"embeddable":true,"href":"https:\/\/sites.ac-corse.fr\/maths\/wp-json\/wp\/v2\/users\/52"}],"replies":[{"embeddable":true,"href":"https:\/\/sites.ac-corse.fr\/maths\/wp-json\/wp\/v2\/comments?post=2943"}],"version-history":[{"count":20,"href":"https:\/\/sites.ac-corse.fr\/maths\/wp-json\/wp\/v2\/pages\/2943\/revisions"}],"predecessor-version":[{"id":5663,"href":"https:\/\/sites.ac-corse.fr\/maths\/wp-json\/wp\/v2\/pages\/2943\/revisions\/5663"}],"wp:attachment":[{"href":"https:\/\/sites.ac-corse.fr\/maths\/wp-json\/wp\/v2\/media?parent=2943"}],"curies":[{"name":"wp","href":"https:\/\/api.w.org\/{rel}","templated":true}]}}