{"id":3232,"date":"2022-12-13T17:29:16","date_gmt":"2022-12-13T16:29:16","guid":{"rendered":"https:\/\/sites.ac-corse.fr\/maths\/?page_id=3232"},"modified":"2022-12-13T17:41:41","modified_gmt":"2022-12-13T16:41:41","slug":"bac","status":"publish","type":"page","link":"https:\/\/sites.ac-corse.fr\/maths\/bac\/","title":{"rendered":"Bac"},"content":{"rendered":"<div data-colibri-id=\"3232-c1\" class=\"style-1115 style-local-3232-c1 position-relative\">\n  <!---->\n  <div data-colibri-component=\"section\" data-colibri-id=\"3232-c2\" id=\"custom\" class=\"h-section h-section-global-spacing d-flex align-items-lg-center align-items-md-center align-items-center style-1116 style-local-3232-c2 position-relative\">\n    <!---->\n    <!---->\n    <div class=\"h-section-grid-container h-section-boxed-container\">\n      <!---->\n      <div data-colibri-id=\"3232-c6\" class=\"h-row-container gutters-row-lg-2 gutters-row-md-2 gutters-row-0 gutters-row-v-lg-2 gutters-row-v-md-2 gutters-row-v-2 style-1120 style-local-3232-c6 position-relative\">\n        <!---->\n        <div class=\"h-row justify-content-lg-center justify-content-md-center justify-content-center align-items-lg-stretch align-items-md-stretch align-items-stretch gutters-col-lg-2 gutters-col-md-2 gutters-col-0 gutters-col-v-lg-2 gutters-col-v-md-2 gutters-col-v-2\">\n          <!---->\n          <div class=\"h-column h-column-container d-flex h-col-lg-3 h-col-md-3 h-col-12 style-1121-outer style-local-3232-c7-outer\">\n            <div data-colibri-id=\"3232-c7\" class=\"d-flex h-flex-basis h-column__inner h-px-lg-2 h-px-md-2 h-px-2 v-inner-lg-2 v-inner-md-2 v-inner-2 style-1121 style-local-3232-c7 position-relative\">\n              <!---->\n              <!---->\n              <div class=\"w-100 h-y-container h-column__content h-column__v-align flex-basis-100 align-self-lg-start align-self-md-start align-self-start\">\n                <!---->\n                <div data-colibri-id=\"3232-c8\" class=\"h-text h-text-component style-1122 style-local-3232-c8 position-relative h-element\">\n                  <!---->\n                  <!---->\n                  <div class=\"\">\n                    <p>Bac g\u00e9n\u00e9ral <\/p>\n                    <p>Sp\u00e9cialit\u00e9 Maths<\/p>\n                  <\/div>\n                <\/div>\n                <div data-colibri-id=\"3232-c9\" class=\"h-icon style-1123 style-local-3232-c9 position-relative h-element\">\n                  <!---->\n                  <a href=\"https:\/\/sites.ac-corse.fr\/maths\/bac-general-specialite-maths\/\" h-use-smooth-scroll=\"true\"><span class=\"h-svg-icon h-icon__icon style-1123-icon style-local-3232-c9-icon\"><!--Icon by Font Awesome (https:\/\/fontawesome.com)-->\n    <svg version=\"1.1\" xmlns=\"http:\/\/www.w3.org\/2000\/svg\" xmlns:xlink=\"http:\/\/www.w3.org\/1999\/xlink\" id=\"hand-o-up\" viewBox=\"0 0 1536 1896.0833\">\n      <path d=\"M1280 1600q0-26-19-45t-45-19-45 19-19 45 19 45 45 19 45-19 19-45zm128-764q0-189-167-189-26 0-56 5-16-30-52.5-47.5T1059 587t-69 18q-50-53-119-53-25 0-55.5 10T768 587V256q0-52-38-90t-90-38q-51 0-89.5 39T512 256v576q-20 0-48.5-15t-55-33-68-33-84.5-15q-67 0-97.5 44.5T128 896q0 24 139 90 44 24 65 37 64 40 145 112 81 71 106 101 57 69 57 140v32h640v-32q0-72 32-167t64-193.5 32-179.5zm128-5q0 133-69 322-59 164-59 223v288q0 53-37.5 90.5T1280 1792H640q-53 0-90.5-37.5T512 1664v-288q0-10-4.5-21.5t-14-23.5-18-22.5-22.5-24-21.5-20.5-21.5-19-17-14q-74-65-129-100-21-13-62-33t-72-37-63-40.5-49.5-55T0 896q0-125 67-206.5T256 608q68 0 128 22V256q0-104 76-180T639 0q105 0 181 75.5T896 256v169q62 4 119 37 21-3 43-3 101 0 178 60 139-1 219.5 85t80.5 227z\"><\/path>\n    <\/svg><\/span><\/a>\n                <\/div>\n              <\/div>\n            <\/div>\n          <\/div>\n          <div class=\"h-column h-column-container d-flex h-col-lg-3 h-col-md-3 h-col-12 style-1124-outer style-local-3232-c10-outer\">\n            <div data-colibri-id=\"3232-c10\" class=\"d-flex h-flex-basis h-column__inner h-px-lg-2 h-px-md-2 h-px-2 v-inner-lg-2 v-inner-md-2 v-inner-2 style-1124 style-local-3232-c10 position-relative\">\n              <!---->\n              <!---->\n              <div class=\"w-100 h-y-container h-column__content h-column__v-align flex-basis-100 align-self-lg-start align-self-md-start align-self-start\">\n                <!---->\n                <div data-colibri-id=\"3232-c11\" class=\"h-text h-text-component style-1125 style-local-3232-c11 position-relative h-element\">\n                  <!---->\n                  <!---->\n                  <div class=\"\">\n                    <p>Bac technologique<\/p>\n                    <p>Section STL<\/p>\n                  <\/div>\n                <\/div>\n                <div data-colibri-id=\"3232-c12\" class=\"h-icon style-1126 style-local-3232-c12 position-relative h-element\">\n                  <!---->\n                  <a href=\"https:\/\/sites.ac-corse.fr\/maths\/bac-stl\/\" h-use-smooth-scroll=\"true\"><span class=\"h-svg-icon h-icon__icon style-1126-icon style-local-3232-c12-icon\"><!--Icon by Font Awesome (https:\/\/fontawesome.com)-->\n    <svg version=\"1.1\" xmlns=\"http:\/\/www.w3.org\/2000\/svg\" xmlns:xlink=\"http:\/\/www.w3.org\/1999\/xlink\" id=\"hand-o-up\" viewBox=\"0 0 1536 1896.0833\">\n      <path d=\"M1280 1600q0-26-19-45t-45-19-45 19-19 45 19 45 45 19 45-19 19-45zm128-764q0-189-167-189-26 0-56 5-16-30-52.5-47.5T1059 587t-69 18q-50-53-119-53-25 0-55.5 10T768 587V256q0-52-38-90t-90-38q-51 0-89.5 39T512 256v576q-20 0-48.5-15t-55-33-68-33-84.5-15q-67 0-97.5 44.5T128 896q0 24 139 90 44 24 65 37 64 40 145 112 81 71 106 101 57 69 57 140v32h640v-32q0-72 32-167t64-193.5 32-179.5zm128-5q0 133-69 322-59 164-59 223v288q0 53-37.5 90.5T1280 1792H640q-53 0-90.5-37.5T512 1664v-288q0-10-4.5-21.5t-14-23.5-18-22.5-22.5-24-21.5-20.5-21.5-19-17-14q-74-65-129-100-21-13-62-33t-72-37-63-40.5-49.5-55T0 896q0-125 67-206.5T256 608q68 0 128 22V256q0-104 76-180T639 0q105 0 181 75.5T896 256v169q62 4 119 37 21-3 43-3 101 0 178 60 139-1 219.5 85t80.5 227z\"><\/path>\n    <\/svg><\/span><\/a>\n                <\/div>\n              <\/div>\n            <\/div>\n          <\/div>\n          <div class=\"h-column h-column-container d-flex h-col-lg-3 h-col-md-3 h-col-12 style-1127-outer style-local-3232-c13-outer\">\n            <div data-colibri-id=\"3232-c13\" class=\"d-flex h-flex-basis h-column__inner h-px-lg-2 h-px-md-2 h-px-2 v-inner-lg-2 v-inner-md-2 v-inner-2 style-1127 style-local-3232-c13 position-relative\">\n              <!---->\n              <!---->\n              <div class=\"w-100 h-y-container h-column__content h-column__v-align flex-basis-100 align-self-lg-start align-self-md-start align-self-start\">\n                <!---->\n                <div data-colibri-id=\"3232-c14\" class=\"h-text h-text-component style-1128 style-local-3232-c14 position-relative h-element\">\n                  <!---->\n                  <!---->\n                  <div class=\"\">\n                    <p>Bac technologique<\/p>\n                    <p>Section STI2D<\/p>\n                  <\/div>\n                <\/div>\n                <div data-colibri-id=\"3232-c15\" class=\"h-icon style-1129 style-local-3232-c15 position-relative h-element\">\n                  <!---->\n                  <a href=\"https:\/\/sites.ac-corse.fr\/maths\/bac-sti2d\/\" h-use-smooth-scroll=\"true\"><span class=\"h-svg-icon h-icon__icon style-1129-icon style-local-3232-c15-icon\"><!--Icon by Font Awesome (https:\/\/fontawesome.com)-->\n    <svg version=\"1.1\" xmlns=\"http:\/\/www.w3.org\/2000\/svg\" xmlns:xlink=\"http:\/\/www.w3.org\/1999\/xlink\" id=\"hand-o-up\" viewBox=\"0 0 1536 1896.0833\">\n      <path d=\"M1280 1600q0-26-19-45t-45-19-45 19-19 45 19 45 45 19 45-19 19-45zm128-764q0-189-167-189-26 0-56 5-16-30-52.5-47.5T1059 587t-69 18q-50-53-119-53-25 0-55.5 10T768 587V256q0-52-38-90t-90-38q-51 0-89.5 39T512 256v576q-20 0-48.5-15t-55-33-68-33-84.5-15q-67 0-97.5 44.5T128 896q0 24 139 90 44 24 65 37 64 40 145 112 81 71 106 101 57 69 57 140v32h640v-32q0-72 32-167t64-193.5 32-179.5zm128-5q0 133-69 322-59 164-59 223v288q0 53-37.5 90.5T1280 1792H640q-53 0-90.5-37.5T512 1664v-288q0-10-4.5-21.5t-14-23.5-18-22.5-22.5-24-21.5-20.5-21.5-19-17-14q-74-65-129-100-21-13-62-33t-72-37-63-40.5-49.5-55T0 896q0-125 67-206.5T256 608q68 0 128 22V256q0-104 76-180T639 0q105 0 181 75.5T896 256v169q62 4 119 37 21-3 43-3 101 0 178 60 139-1 219.5 85t80.5 227z\"><\/path>\n    <\/svg><\/span><\/a>\n                <\/div>\n              <\/div>\n            <\/div>\n          <\/div>\n        <\/div>\n      <\/div>\n    <\/div>\n  <\/div>\n<\/div>","protected":false},"excerpt":{"rendered":"<p>Bac g\u00e9n\u00e9ral Sp\u00e9cialit\u00e9 Maths Bac technologique Section STL Bac technologique Section STI2D<\/p>\n","protected":false},"author":65,"featured_media":0,"parent":0,"menu_order":0,"comment_status":"closed","ping_status":"closed","template":"page-templates\/full-width-page.php","meta":{"footnotes":""},"class_list":["post-3232","page","type-page","status-publish","hentry"],"_links":{"self":[{"href":"https:\/\/sites.ac-corse.fr\/maths\/wp-json\/wp\/v2\/pages\/3232","targetHints":{"allow":["GET"]}}],"collection":[{"href":"https:\/\/sites.ac-corse.fr\/maths\/wp-json\/wp\/v2\/pages"}],"about":[{"href":"https:\/\/sites.ac-corse.fr\/maths\/wp-json\/wp\/v2\/types\/page"}],"author":[{"embeddable":true,"href":"https:\/\/sites.ac-corse.fr\/maths\/wp-json\/wp\/v2\/users\/65"}],"replies":[{"embeddable":true,"href":"https:\/\/sites.ac-corse.fr\/maths\/wp-json\/wp\/v2\/comments?post=3232"}],"version-history":[{"count":3,"href":"https:\/\/sites.ac-corse.fr\/maths\/wp-json\/wp\/v2\/pages\/3232\/revisions"}],"predecessor-version":[{"id":3245,"href":"https:\/\/sites.ac-corse.fr\/maths\/wp-json\/wp\/v2\/pages\/3232\/revisions\/3245"}],"wp:attachment":[{"href":"https:\/\/sites.ac-corse.fr\/maths\/wp-json\/wp\/v2\/media?parent=3232"}],"curies":[{"name":"wp","href":"https:\/\/api.w.org\/{rel}","templated":true}]}}